se t = 3*i - 320. Suppose -11*o + i = -8*o. What is the tens digit of o?
8
Suppose 3*q - 50 = -3*u + 646, 456 = 2*q - 2*u. Let d = q + 77. What is the units digit of d?
7
What is the thousands digit of (4074 - (3 - 15))/((-6)/(-4))?
2
Suppose -3*t - 13 = -4*n, -6*t + 25 = 5*n - t. Suppose -4*c - 4*s + 2048 = 0, -5*s - 1390 - 640 = -n*c. What is the tens digit of c?
1
Let n(g) = -396*g - 33. Let q be n(-2). Let v = q - 455. What is the units digit of v?
4
Suppose 39*w - 42*w = -21, -144818 = -5*r + w. What is the hundreds digit of r?
9
Let p be -31 + 31 + (-4)/(-2)*1. What is the hundreds digit of ((-1356)/4)/((-1)/p)?
6
What is the thousands digit of (-155)/186 + 512442/108?
4
Suppose -4*p = -3*f - 5799, 623*p - 7250 = 618*p + 4*f. What is the units digit of p?
6
Let l(h) = 65*h**2 + 150*h + 59. What is the tens digit of l(11)?
7
Suppose 0*r + 5*r - 353419 = -6*r. What is the ten thousands digit of r?
3
Let o(p) = p**3 - 7*p**2 + 32*p + 9. What is the tens digit of o(19)?
4
Let i(h) = 6*h + 50. Let t be i(-8). Suppose t*p - 137 = 359. Let y = p + -143. What is the tens digit of y?
0
Let u = 1745 - 663. What is the thousands digit of u?
1
Let d(x) = 97*x**2 + 6*x - 38. What is the units digit of d(9)?
3
Let q(m) = m**3 + 34*m**2 + 35*m - 101. What is the thousands digit of q(-31)?
1
Let k be (-47595)/(-437) - (-2)/23. Suppose 0*f - 3*w - k = -f, 5*w = 3*f - 315. What is the units digit of f?
0
What is the units digit of 5096/(-882)*(-981 - 0)?
8
Suppose a + 2 + 2 = 0, 2*i + 4 = -a. Suppose q + 3*n - 162 = i, 2*q - 5*q + 434 = -4*n. What is the tens digit of q?
5
Let n(a) = -68*a - 106. Let x be n(17). Let m = 2847 + x. What is the hundreds digit of m?
5
Let n = 90 + -80. Let g(b) = -2*b**2 + 23*b - 14. Let a be g(n). Suppose a*d = 20*d - 468. What is the hundreds digit of d?
1
Suppose -201 = 2*d + 31. Let l = -44 - d. Suppose 0 = -5*f + l + 173. What is the tens digit of f?
4
Let a = -9618 + 21921. What is the hundreds digit of a?
3
Let q = -1501 + 3066. Let o = -586 + q. What is the units digit of o?
9
What is the units digit of (0 - -13 - 9) + 5776?
0
Let j = 58 + -55. Let h be j/(3/(7 + -4)). Suppose 5*f = 4*i + 339, -f - h*i + 8*i = -51. What is the tens digit of f?
7
Let i be 5/(-10) + -1*(-28)/(-8). What is the hundreds digit of (-1314)/(7/14*i)?
6
Suppose -6*q = -174 + 198. Let o(z) = -115*z - 60. What is the units digit of o(q)?
0
Suppose 15*m + 78 = 21*m. Suppose -3*s = -2*s + m. What is the units digit of (s/(-39))/(2/60)?
0
Suppose 10 = -4*r - 2. Let j be (-10)/r + (-44)/(-66). Suppose -12 = -j*p, 0*h - h = 4*p - 13. What is the units digit of h?
1
What is the hundreds digit of 79722/15 - (-3 - 28/(-10))?
3
Let g(o) = -o**2 + 9*o - 16. Let s be g(4). Suppose -j + s*v + 245 = 0, 15*j - 523 = 13*j - 3*v. What is the hundreds digit of j?
2
Let q(v) = -v**3 + 38*v**2 + 52*v - 46. Let u = -185 + 224. What is the units digit of q(u)?
1
Let c = 4254 + -1740. What is the thousands digit of c?
2
Suppose 0*a - 2*d = -4*a - 1844, -2*a = -3*d + 918. Let n = 966 + a. What is the tens digit of n?
0
Suppose -5968 = -2*s - 2*s. Let x = s + -821. Suppose -3*f + 5*j = 4*j - x, -892 = -4*f + 4*j. What is the units digit of f?
4
Let a(g) = 224*g - 546. What is the hundreds digit of a(118)?
8
Let y be ((-8)/32)/(1/(-8)). Let u be y/12 + 2337/18. What is the tens digit of u/4*-2*-1?
6
Let j(u) = u**2 - 9*u + 14. Let v be j(7). Suppose -9*y + 1712 + 43 = v. What is the hundreds digit of y?
1
Let r be (1265/60)/1 - (-1)/(-12). Let b be 0 + 0/1 + 49. What is the tens digit of b/r*(-3)/(-1)*13?
9
Suppose l - 4 - 2 = u, -2*l = 4*u + 12. Let c(k) = -k**3 - 4*k**2 - 6*k - 2. Let f be c(u). Suppose 4*o - 146 = -f. What is the tens digit of o?
3
Suppose 19*v - 11922 = 205020. Suppose -18*g = -5898 - v. What is the hundreds digit of g?
9
Suppose -8*o + 9382 = 3*q - 31708, 0 = 2*q - 4*o - 27356. What is the units digit of q?
6
Suppose 19*p + 3*d = 23*p - 17038, p - 4*d - 4279 = 0. What is the units digit of p?
5
Suppose 0 = k - 13*k - 1836. Let c = 46 - k. What is the hundreds digit of c?
1
Let r = 8 - -20. Suppose -16 = -7*q + 250. Let f = q - r. What is the units digit of f?
0
Suppose -9*l = 1881 - 16758. Let h = 2621 - l. What is the hundreds digit of h?
9
Let z = 4674 + -17562. What is the hundreds digit of (-18)/(-8)*z/(-18)?
6
Let w = -14 - -12. Let m be 1/(12/(-200)*w/(-6)). Let o = 72 + m. What is the units digit of o?
2
Let f = -41 - -40. Let a = f + 8. Suppose -a*o - o + 520 = 0. What is the units digit of o?
5
Let l(y) = -39*y**2 - 8*y - 16. Let v be l(-5). Let i = v - -1506. Suppose 0 = 8*w + 155 - i. What is the units digit of w?
0
Suppose -123*s - 131*s + 3467354 = 0. What is the units digit of s?
1
Let o(u) = 173*u + 900. Let r(k) = 34*k + 180. Let i(a) = -2*o(a) + 11*r(a). What is the hundreds digit of i(48)?
5
Let i be (-7 - -6)/(2/(-974)). Let t = i - 257. Suppose -3*c + 2*h = -t, h = 7 - 2. What is the units digit of c?
0
Suppose -2*r = 2*m + 164 + 130, -3*r - 444 = 2*m. Let o = 264 + r. What is the units digit of o?
4
Let y = 26 - 12. Suppose -9*l + y*l = 10. Suppose l*r - 226 = -4*v, -r = 12*v - 8*v - 231. What is the tens digit of v?
5
Let r = 38 + -12. Let g = 272 + -278. Let f = r - g. What is the tens digit of f?
3
Suppose 4*z - 2*f + 28 = 8*z, 9 = z + f. What is the units digit of 2/1 - (z - 223 - 6)?
6
Let l be -4 - (-11)/((-44)/(-60)). Suppose l*v - 25*v = -2758. What is the tens digit of v?
9
Suppose -14*b - 4*s - 4218 = -19*b, b + 4*s = 834. Suppose -12392 = -14*a - b. What is the hundreds digit of a?
8
Suppose 0 = 6*z - 1145 - 673. Suppose 93 = g - z. What is the tens digit of g?
9
Let g = -295 - -301. What is the tens digit of 631 + g + (-9)/(3 + 0)?
3
What is the hundreds digit of 4/(-6) - (-4125000)/33*1/3?
6
Let j be 5/(20/24)*2/(-3). What is the units digit of (-12096)/(-27) + j + 0?
4
Suppose -q + r = -5265, 3*q + 14*r - 15781 = 10*r. Suppose -q = -7*j - 216. What is the hundreds digit of j?
7
What is the hundreds digit of ((-1)/3)/1*59/(708/(-287316))?
9
Suppose -12*g + 15*g = -2565. Let k be g + 0*(2 + -1). What is the tens digit of (1 - 20/16) + k/(-12)?
7
Let g = 41 - 46. Let u be 2/(-2)*(-7 - g - 1). Suppose 10 = -l + 3*l, 4*x - u*l = 309. What is the tens digit of x?
8
Let z(c) = 11*c + 58. Let a(u) = -4*u**2 + 55*u - 12. Let k be a(13). What is the hundreds digit of z(k)?
3
Let z(m) = 2*m**2 + 6*m + 31. Suppose -i = 22 - 26. Suppose 4*u = i*v + 20, 0 = -5*v + 10*v + 5*u + 35. What is the tens digit of z(v)?
6
Let h(r) = r**3 - 38*r**2 - r + 38. Let u be h(38). Suppose 3*n - 7*n + 1436 = c, u = 5*n - 3*c - 1778. What is the hundreds digit of n?
3
Suppose 4*m + 14419 = -2*x + 5*x, -x - 5*m = -4819. What is the tens digit of x?
0
Let j be 1/2 + (-678)/(-12). Suppose -31*q + 36*q = 0. Suppose 3*b - 3*x + q*x - j = 0, -b + 14 = 4*x. What is the units digit of b?
8
Suppose c - 2*c = -2*g, -5*g = 0. Suppose c = 15*l - 16*l + 195. What is the tens digit of l?
9
Let t be ((-4)/(-10))/((-208)/(-100) - 2). What is the units digit of 268/t*(-20)/(-8)?
4
Let i be (-4)/(-16)*29 + 27/36. Let v(y) = 9*y**2 - y - 9. What is the tens digit of v(i)?
5
Suppose 3*g = 2*g + 40. Let z be 36/14 - g/70. Suppose -4*l + 48 = z*b, 3*l + b = 4*l - 12. What is the tens digit of l?
1
Let w be (-12*18/(-648))/((-1)/(-18)). Let u be ((-6)/18)/(2/(-132)). Suppose 2736 = u*z - w*z. What is the tens digit of z?
7
Let n(c) = -c + 8. Let t(i) = i - 1. Let s(g) = -n(g) - 2*t(g). Let z be s(8). Let k = z - -45. What is the tens digit of k?
3
Suppose -108 = 4*w - 700. Let c(a) = a**3 + 11*a**2 + 21*a + 13. Let k be c(-9). Let s = w + k. What is the tens digit of s?
3
Let z = -431 - 315. Suppose 64 = 4*q + 2*d, -3*q + 3*d = 2*q - 58. What is the tens digit of z/(-30) + q/105?
2
Suppose 23*m + 544 = 24*m. Suppose -4*w = 16, 4*u - 604 - m = -w. Suppose 0 = -3*y + 5*d - 116 + u, y = 2*d + 59. What is the units digit of y?
9
Let d = 128618 + -75863. What is the hundreds digit of d?
7
Let a(r) = -r**3 + 17*r**2 - 8*r + 28. Suppose 4*y + l - 44 = 0, 5*l = 3*l. What is the hundreds digit of a(y)?
6
Suppose 39*d - 11335 + 17538 = 180884. What is the tens digit of d?
7
Let y(g) = -8 - 21 - 74*g - 37 - 22*g - 9. What is the units digit of y(-9)?
9
Let k = 7245 - -122. 